1
Calculate the highest common divisor of 523 and 39080129.
523
What is the highest common divisor of 72 and 2511848?
8
What is the greatest common divisor of 1463841 and 171?
9
What is the highest common factor of 4977 and 24042228?
1659
What is the greatest common factor of 14700 and 545744850?
7350
What is the greatest common divisor of 53974 and 32434?
2
Calculate the highest common factor of 2463 and 10360199.
821
Calculate the highest common divisor of 702299 and 312.
13
Calculate the highest common factor of 1650 and 11834350.
550
What is the greatest common factor of 1487042 and 50646?
46
What is the greatest common divisor of 27 and 1302327?
9
Calculate the greatest common divisor of 2476440 and 1935.
45
Calculate the highest common factor of 36 and 34883559.
9
Calculate the greatest common factor of 508310622 and 18.
18
Calculate the greatest common factor of 2874 and 66309407.
479
Calculate the highest common divisor of 7031216 and 456.
152
What is the highest common divisor of 597 and 42477?
3
What is the highest common divisor of 96146496 and 5680?
1136
What is the greatest common divisor of 2610 and 198993360?
870
What is the highest common factor of 9674 and 1425860534?
9674
Calculate the highest common factor of 34690 and 710.
10
What is the greatest common divisor of 201 and 418549?
67
Calculate the highest common divisor of 684749 and 78.
13
What is the highest common factor of 6 and 3710373?
3
What is the greatest common factor of 120 and 5357340?
60
Calculate the greatest common factor of 6314 and 21757142.
902
Calculate the highest common factor of 1239 and 2571987.
177
What is the highest common divisor of 6076 and 690184?
124
Calculate the highest common divisor of 63445665 and 15.
15
Calculate the greatest common divisor of 1482 and 42198.
78
What is the highest common factor of 3660654 and 1938?
114
Calculate the highest common factor of 34070903 and 16144.
1009
What is the greatest common factor of 27724230 and 752742?
10602
Calculate the greatest common factor of 792 and 105937986.
66
What is the greatest common factor of 10310960 and 9680?
880
Calculate the highest common factor of 8793 and 8577.
9
What is the greatest common divisor of 5098 and 1386717176?
5098
Calculate the greatest common factor of 72 and 683661.
3
Calculate the greatest common factor of 506506 and 12782.
154
Calculate the greatest common divisor of 675 and 94630005.
135
What is the highest common factor of 46594468 and 3620?
724
What is the greatest common factor of 2466 and 229157982?
2466
What is the greatest common divisor of 10108 and 45523544?
1444
Calculate the highest common divisor of 76 and 192595058.
38
What is the highest common factor of 647136 and 71064?
1512
Calculate the greatest common divisor of 866 and 466093757.
433
Calculate the greatest common factor of 4288064 and 4972.
44
Calculate the greatest common divisor of 50152905 and 1155.
165
Calculate the greatest common factor of 105 and 6628202.
7
Calculate the greatest common divisor of 36040936 and 6112.
1528
What is the greatest common divisor of 54624 and 2536602?
3414
Calculate the highest common factor of 189140 and 13014955.
965
What is the highest common divisor of 22425 and 9117225?
975
What is the highest common divisor of 9044 and 306180?
28
What is the greatest common divisor of 102927 and 452727?
33
Calculate the highest common factor of 4617 and 515391093.
4617
Calculate the highest common factor of 36733 and 154346.
337
Calculate the greatest common factor of 113744520 and 10.
10
What is the greatest common factor of 1303501 and 455153?
2383
Calculate the highest common factor of 2020 and 443558064.
404
Calculate the highest common divisor of 772 and 4923430.
386
Calculate the highest common factor of 34540 and 123860.
220
What is the highest common factor of 1376 and 74049440?
1376
What is the greatest common divisor of 65 and 978805?
5
Calculate the greatest common divisor of 950 and 77588450.
50
Calculate the highest common divisor of 121989 and 61383.
777
Calculate the greatest common factor of 44231 and 12056.
11
Calculate the greatest common divisor of 328145 and 1905.
5
Calculate the greatest common factor of 638327136 and 1770.
354
Calculate the highest common factor of 286315 and 416930.
865
What is the greatest common divisor of 78119623 and 4315?
863
What is the greatest common factor of 4706 and 684847709?
2353
What is the greatest common factor of 14909 and 47358?
877
Calculate the greatest common divisor of 47892080 and 160.
80
What is the greatest common factor of 7 and 11530603?
7
Calculate the highest common divisor of 245868 and 14154.
42
What is the greatest common factor of 8175 and 8202?
3
Calculate the greatest common factor of 405820 and 27604.
412
What is the highest common factor of 7486864 and 560?
112
Calculate the highest common divisor of 30114 and 140274.
18
What is the highest common factor of 421449 and 354837?
1281
Calculate the greatest common factor of 142 and 112062.
2
Calculate the highest common factor of 121210 and 71875.
115
What is the greatest common factor of 648032 and 11396?
308
Calculate the highest common divisor of 1277745 and 8339205.
4515
Calculate the highest common divisor of 1744710 and 195.
15
Calculate the highest common factor of 87661 and 2595839.
1789
What is the highest common divisor of 3082 and 29269754?
3082
What is the highest common factor of 12567994 and 284?
142
Calculate the highest common factor of 10 and 1427784.
2
What is the greatest common factor of 40118 and 9165420?
3086
What is the highest common factor of 62275 and 123225?
1325
Calculate the highest common factor of 309312 and 536.
8
What is the highest common divisor of 636594 and 274803?
1977
What is the greatest common factor of 21648828 and 12198?
114
Calculate the greatest common factor of 1143625 and 105.
35
Calculate the greatest common divisor of 30 and 75298875.
15
Calculate the greatest common factor of 279 and 16130199.
93
Calculate the highest common divisor of 1871389305 and 135.
135
Calculate the highest common divisor of 38656 and 2844538.
302
Calculate the highest common divisor of 142176 and 337056.
96
Calculate the greatest common divisor of 107 and 8958468.
107
Calculate the highest common factor of 248199 and 5792871.
4683
Calculate the greatest common divisor of 29827387 and 7628.
1907
Calculate the greatest common factor of 141703625 and 1750.
875
What is the highest common divisor of 391748 and 368662?
238
Calculate the highest common divisor of 19439500 and 300.
100
What is the highest common divisor of 3267 and 3215454?
363
Calculate the greatest common factor of 18921120 and 23520.
480
Calculate the greatest common factor of 4994 and 363484.
22
What is the highest common divisor of 20872065 and 1830?
915
What is the greatest common factor of 109056 and 486492?
852
What is the highest common factor of 213 and 151410837?
213
What is the greatest common factor of 10408138 and 702?
26
Calculate the greatest common factor of 66538 and 11048810.
3502
Calculate the greatest common factor of 13934640 and 240.
240
What is the highest common divisor of 558080 and 5488?
16
What is the highest common factor of 17451 and 4746?
21
What is the highest common factor of 62617142 and 98?
14
What is the greatest common factor of 40448 and 737544?
632
Calculate the highest common factor of 16450 and 8519690.
470
What is the highest common divisor of 549 and 854397?
9
What is the greatest common factor of 366 and 24559698?
366
What is the greatest common divisor of 9658684 and 784?
196
Calculate the greatest common divisor of 4242 and 3174430.
1414
What is the highest common divisor of 724181 and 33123?
181
Calculate the greatest common divisor of 8190135 and 8325.
1665
What is the highest common divisor of 83644755 and 4120?
515
What is the greatest common factor of 50138035 and 305?
305
Calculate the highest common divisor of 1276 and 8168140.
116
Calculate the highest common divisor of 277776808 and 152.
152
What is the greatest common factor of 8983926 and 3024?
378
What is the highest common factor of 63 and 61140772?
7
What is the highest common divisor of 32510526 and 102?
6
Calculate the highest common divisor of 75107 a